e 5) in base 14?
da
7453 (base 14) to base 10
20065
235e (base 16) to base 6
105530
-99ba (base 12) to base 4
-10021132
What is 159 (base 14) in base 15?
135
Convert 4415 (base 9) to base 14.
1286
39a (base 13) to base 8
1172
32543 (base 8) to base 13
62b4
10574 (base 12) to base 10
21544
What is 11129 (base 10) in base 5?
324004
Convert -1bb (base 13) to base 7.
-641
What is 72a (base 11) in base 10?
879
What is 2482 (base 14) in base 7?
24422
What is -6656 (base 7) in base 11?
-1886
What is -125b (base 12) in base 4?
-200213
What is 8314 (base 15) in base 2?
110110000101110
10111100011100 (base 2) to base 6
131500
Convert -1232312 (base 4) to base 6.
-52502
112 (base 13) to base 10
184
-415 (base 7) to base 3
-21201
Convert -25117 (base 10) to base 6.
-312141
17a6 (base 14) to base 9
5755
Convert -43 (base 8) to base 11.
-32
-3cd (base 16) to base 11
-805
What is 222202 (base 3) in base 14?
398
What is -135c (base 14) in base 3?
-11200110
What is -659 (base 13) in base 14?
-57a
What is -155300 (base 7) in base 9?
-46062
What is 121313 (base 5) in base 4?
1013213
Convert 2891 (base 16) to base 9.
15218
What is -11328 (base 9) in base 11?
-5752
-412223 (base 5) to base 9
-20381
What is -32122 (base 4) in base 13?
-55c
What is -1151 (base 9) in base 8?
-1530
Convert 23476 (base 9) to base 7.
63531
124050 (base 6) to base 15
350c
Convert -17740 (base 10) to base 16.
-454c
Convert 1bd1 (base 16) to base 6.
52545
What is 122001 (base 4) in base 7?
4566
Convert -4a88 (base 13) to base 16.
-295e
What is 14 (base 14) in base 4?
102
Convert -e0b (base 16) to base 15.
-10ea
What is 66aa (base 12) in base 7?
45061
Convert -39 (base 15) to base 5.
-204
-50605 (base 7) to base 5
-343204
Convert 5810 (base 9) to base 5.
114202
2189 (base 14) to base 8
13255
Convert -20111 (base 3) to base 10.
-175
Convert -367b8 (base 12) to base 7.
-424640
What is 21316 (base 12) in base 6?
534030
Convert -2323 (base 5) to base 16.
-152
What is -3130 (base 5) in base 15?
-1ca
1123 (base 4) to base 3
10101
Convert -132312 (base 5) to base 16.
-14d4
4062 (base 7) to base 16
588
What is -612 (base 9) in base 16?
-1f1
What is -9989 (base 10) in base 4?
-2130011
317 (base 15) to base 7
2014
-221111010 (base 3) to base 10
-18579
What is 1000012022 (base 3) in base 9?
30168
Convert -34a (base 13) to base 12.
-3b5
What is -721 (base 15) in base 14?
-82a
Convert -15484 (base 10) to base 12.
-8b64
What is -c732 (base 15) in base 3?
-2010210002
Convert 55037 (base 9) to base 13.
137b6
Convert -55b4 (base 12) to base 14.
-3664
-602 (base 12) to base 2
-1101100010
What is 210212 (base 3) in base 12?
412
What is -1126 (base 14) in base 12?
-187a
What is -3931 (base 16) in base 11?
-10000
Convert 11312132 (base 4) to base 12.
11a52
Convert -170 (base 12) to base 8.
-344
1110110010100 (base 2) to base 9
11343
12a01 (base 12) to base 15
78dd
Convert -52159 (base 10) to base 5.
-3132114
-12221 (base 8) to base 13
-2520
-73 (base 12) to base 8
-127
Convert -453 (base 6) to base 4.
-2301
230 (base 9) to base 5
1224
Convert -313023 (base 4) to base 5.
-103111
Convert -13363 (base 11) to base 8.
-45172
What is -2236 (base 16) in base 11?
-6642
1001001110011 (base 2) to base 8
11163
Convert -2766 (base 10) to base 13.
-134a
What is -b58 (base 14) in base 8?
-4272
What is -1122122 (base 3) in base 16?
-4b5
What is -2b21 (base 13) in base 10?
-6280
-56332 (base 7) to base 14
-5289
What is -20101 (base 5) in base 16?
-4fc
What is 11a (base 15) in base 16?
fa
What is -205 (base 15) in base 16?
-1c7
What is -678 (base 12) in base 8?
-1674
Convert -2209 (base 10) to base 16.
-8a1
122121 (base 3) to base 15
21a
What is -1197 (base 10) in base 4?
-102231
Convert -23 (base 10) to base 5.
-43
What is -31021 (base 5) in base 9?
-2674
What is 2110 (base 7) in base 6?
3234
1a93 (base 11) to base 9
3556
What is 18 (base 16) in base 12?
20
348 (base 15) to base 9
1015
Convert 2713 (base 8) to base 5.
21413
-131013 (base 4) to base 8
-3507
What is c09 (base 13) in base 9?
2713
What is 6480 (base 13) in base 2?
11011010001010
What is -2222011 (base 3) in base 14?
-b08
51 (base 8) to base 4
221
Convert 2777 (base 10) to base 3.
10210212
Convert 4516 (base 8) to base 7.
6642
Convert -1784 (base 9) to base 15.
-617
2170 (base 10) to base 4
201322
What is 10a69 (base 11) in base 4?
3320312
What is -17b26 (base 13) in base 7?
-250422
What is -12212230 (base 4) in base 13?
-c40c
-270c (base 14) to base 5
-204442
What is 16392 (base 14) in base 11?
38852
What is -c2 (base 16) in base 2?
-11000010
3319 (base 16) to base 4
3030121
65c (base 14) to base 9
1647
What is 99 (base 15) in base 12?
100
-11331 (base 5) to base 16
-349
Convert 7f9 (base 16) to base 11.
1596
-724 (base 9) to base 3
-210211
Convert 1000011111011101 (base 2) to base 5.
2103111
What is 349b (base 13) in base 8?
16343
-8d2 (base 15) to base 10
-1997
What is 30171 (base 11) in base 12?
2164a
What is -2565 (base 11) in base 3?
-11120122
d370 (base 16) to base 2
1101001101110000
-587 (base 9) to base 16
-1e4
Convert 73 (base 9) to base 8.
102
What is -41550 (base 9) in base 8?
-65437
Convert -4430 (base 9) to base 11.
-2500
-14120 (base 6) to base 16
-8a0
Convert -2160 (base 10) to base 14.
-b04
1185 (base 11) to base 6
11053
Convert 1cea (base 15) to base 5.
200140
What is 11001011111000 (base 2) in base 10?
13048
-174b (base 13) to base 12
-1bab
Convert -36344 (base 8) to base 14.
-5976
20431 (base 6) to base 11
2085
-1222 (base 11) to base 16
-63d
What is -6231 (base 7) in base 14?
-b18
12543 (base 6) to base 13
b5b
-3232 (base 8) to base 9
-2277
-11044 (base 5) to base 16
-306
What is -16aa (base 11) in base 2?
-100010000001
What is -5c14 (base 15) in base 6?
-230414
-3633 (base 12) to base 16
-17c7
What is -2f9 (base 16) in base 15?
-35b
32321 (base 6) to base 13
2038
What is -147006 (base 8) in base 11?
-36698
What is -45442 (base 7) in base 13?
-5341
What is 348b (base 14) in base 2?
10001110110011
Convert 801 (base 10) to base 9.
1080
What is 11001200 (base 3) in base 2?
101110010001
-25256 (base 9) to base 2
-100001001010100
What is -523 (base 9) in base 4?
-12222
What is -959 (base 10) in base 5?
-12314
What is -4320 (base 5) in base 4?
-21021
1464 (base 7) to base 13
360
What is -111212 (base 3) in base 8?
-566
Convert -122100 (base 5) to base 13.
-2169
What is -151434 (base 6) in base 8?
-34456
What is 1231514 (base 6) in base 3?
10101020001
Convert -4525 (base 10) to base 7.
-16123
1003233 (base 5) to base 6
202220
What is 1001100000100 (base 2) in base 12?
2998
What is -145 (base 10) in base 8?
-221
What is -1110010100 (base 2) in base 16?
-394
Convert 369c (base 16) to base 15.
4220
What is -23332313 (base 4) in base 7?
-263042
Convert 300040 (base 5) to base 15.
2bb5
What is -1bba (base 15) in base 5?
-143100
Convert -785 (base 10) to base 14.
-401
What is -5304 (base 6) in base 8?
-2250
What is -4c4 (base 13) in base 2?
-1101000100
What is 755 (base 16) in base 15?
852
35466 (base 8) to base 11
10430
-986 (base 10) to base 13
-5ab
What is -196 (base 11) in base 7?
-442
What is 2b19 (base 13) in base 9?
8542
98 (base 11) to base 5
412
Convert 24c (base 16) to base 12.
410
1b8 (base 13) to base 11
271
Convert -3765 (base 11) to base 7.
-20214
What is -204440 (base 5) in base 13?
-3186
-505 (base 10) to base 14
-281
Convert -125032 (base 6) to base 11.
-8686
What is -5622 (base 10) in base 8?
-12766
7715 (base 9) to base 14
2100
Convert -1765 (base 15) to base 5.
-130140
Convert -1001111011000 (base 2) to base 12.
-2b34
What is -10011111111 (base 2) in base 14?
-675
23359 (base 10) to base 9
35034
Convert -212211211 (base 3) to base 6.
-212251
14626 (base 11) to base 6
235531
-7164 (base 12) to base 7
-50623
What is -36ee (base 15) in base 5?
-333244
What is 130 (base 12) in base 14?
cc
What is -10210 (base 4) in base 12?
-204
Convert 2405 (base 11) to base 4.
301033
What is -474 (base 15) in base 14?
-521
What is 21011 (base 4) in base 16?
245
Convert 21621 (base 8) to base 2.
10001110010001
-2303111 (base 4) to base 10
-11477
What is -12103111 (base 4) in base 3?
-1022102001
What is -40715 (base 9) in base 14?
-9ac1
-6808 (base 11) to base 3
-110021221
Convert 211421 (base 5) to base 2.
1101111000111
Convert -61 (base 14) to base 15